site number?
False
Is 54292973 composite?
True
Is 1093487 composite?
False
Is 2218519 composite?
False
Is 18769601 a composite number?
True
Is 27923 a prime number?
False
Is 24227053 a prime number?
True
Is 6329969 prime?
False
Is 4267619 a composite number?
False
Is 18082447 composite?
False
Is 16854595 a prime number?
False
Is 143053 a composite number?
False
Is 1221299 prime?
True
Is 95247014 composite?
True
Is 504201 a composite number?
True
Is 72143 a composite number?
True
Is 40034551 a composite number?
True
Is 304016803 prime?
True
Is 8594951 prime?
True
Is 163923239 prime?
True
Is 6521869 a composite number?
True
Is 2917879 prime?
False
Is 50684443 a prime number?
False
Is 7992739 a prime number?
True
Is 521107 prime?
True
Is 3755267 a composite number?
False
Is 530483183 a composite number?
True
Is 191063 composite?
True
Is 12296993 composite?
False
Is 22247 a prime number?
True
Is 43901449 composite?
True
Is 3574247 a prime number?
True
Is 2285617999 a prime number?
False
Is 51740399 composite?
True
Is 7534883 a composite number?
False
Is 2702603 prime?
True
Is 83250719 a composite number?
False
Is 5070133 prime?
True
Is 3247 prime?
False
Is 2140729 a composite number?
False
Is 624877 prime?
False
Is 20283083 composite?
True
Is 78212705 prime?
False
Is 131375257 composite?
True
Is 22260047 composite?
True
Is 1131551 composite?
True
Is 126645629 a composite number?
True
Is 184851143 composite?
False
Is 5376311 a prime number?
True
Is 217137139 a prime number?
True
Is 131851 a composite number?
True
Is 11943011 a prime number?
True
Is 7601827 prime?
False
Is 120509083 a prime number?
True
Is 5362927 a composite number?
True
Is 1241847179 composite?
False
Is 1572383 a prime number?
False
Is 22244609 prime?
True
Is 15904199 a composite number?
False
Is 999159459 composite?
True
Is 260759 composite?
True
Is 56049887 composite?
True
Is 10043959 a composite number?
False
Is 1235098855 a prime number?
False
Is 7423961 a prime number?
True
Is 2409123 composite?
True
Is 471642659 a prime number?
True
Is 13041829 prime?
False
Is 168711139 a composite number?
False
Is 56283587 prime?
True
Is 5446099 a composite number?
True
Is 2125373 a composite number?
False
Is 6372781 a prime number?
True
Is 12733597 a composite number?
False
Is 371219143 a prime number?
True
Is 200788429 prime?
True
Is 3792713 a prime number?
False
Is 327491 a prime number?
True
Is 58418699 composite?
True
Is 1515467 composite?
True
Is 17526673 a prime number?
True
Is 1934459 a prime number?
True
Is 18668137 a composite number?
True
Is 544067 composite?
True
Is 1854487 a composite number?
False
Is 374197 composite?
True
Is 227148409 a composite number?
False
Is 137613067 prime?
False
Is 4963279 a composite number?
False
Is 1928473 prime?
True
Is 7418107 prime?
True
Is 70570631 prime?
False
Is 11972651 a composite number?
False
Is 23810113 a composite number?
True
Is 298258783 a composite number?
False
Is 433582343 a composite number?
True
Is 15787741 a prime number?
True
Is 1470061 composite?
True
Is 8844247 a composite number?
True
Is 6594421 a composite number?
False
Is 851195 composite?
True
Is 236438789 a composite number?
False
Is 4589857 a composite number?
True
Is 28463647 composite?
True
Is 18866741 composite?
False
Is 41858 composite?
True
Is 24211147 a prime number?
True
Is 20289202 composite?
True
Is 3357323 composite?
False
Is 24745187 a prime number?
True
Is 30125005 a composite number?
True
Is 2401613 composite?
True
Is 12018517 prime?
False
Is 2332163 prime?
False
Is 6004087 a composite number?
False
Is 344371039 composite?
True
Is 2586657 a prime number?
False
Is 64286071 prime?
False
Is 1691611 a prime number?
True
Is 57296563 a prime number?
True
Is 9525907 composite?
False
Is 6972547 composite?
False
Is 7668389 a composite number?
False
Is 1699427 composite?
False
Is 1996257047 prime?
True
Is 70900811 a prime number?
True
Is 2647873 a prime number?
True
Is 3540437 a prime number?
False
Is 212589187 prime?
True
Is 17445865 composite?
True
Is 152769893 a prime number?
True
Is 17787859 a composite number?
False
Is 7728907 composite?
False
Is 45711553 a composite number?
False
Is 1542874 a composite number?
True
Is 4064381 a composite number?
True
Is 15346033 prime?
True
Is 213269 prime?
False
Is 33442021 a prime number?
False
Is 28323353 a prime number?
True
Is 216407887 prime?
False
Is 594816947 a prime number?
True
Is 59405251 prime?
False
Is 13965427 prime?
False
Is 23906783 prime?
True
Is 177547411 composite?
True
Is 52093609 prime?
False
Is 36908669 a composite number?
True
Is 22889843 composite?
False
Is 377719 a composite number?
True
Is 23597687 a prime number?
True
Is 354063557 a prime number?
False
Is 5849059 composite?
False
Is 2261419 composite?
True
Is 502013 composite?
False
Is 402163 a prime number?
False
Is 1332059 a prime number?
True
Is 5399101 prime?
True
Is 2004097 a composite number?
False
Is 780618169 a composite number?
False
Is 1732133 a composite number?
True
Is 48144151 a prime number?
False
Is 2409355427 a prime number?
True
Is 164933993 a prime number?
False
Is 249635 composite?
True
Is 33275474 a composite number?
True
Is 9230771 a composite number?
True
Is 74797993 a prime number?
True
Is 25064009 prime?
True
Is 29900489 composite?
False
Is 3211189 a prime number?
True
Is 574436543 a composite number?
True
Is 3696061 composite?
True
Is 47734033 a composite number?
True
Is 72986759 a prime number?
True
Is 46248563 a prime number?
True
Is 1894469 a prime number?
False
Is 4032641 prime?
True
Is 23053709 composite?
True
Is 463554493 prime?
True
Is 217137649 a composite number?
False
Is 5396819 a prime number?
True
Is 4703003 a composite number?
False
Is 263257 composite?
False
Is 22926922 prime?
False
Is 59364911 a prime number?
False
Is 80551057 a composite number?
False
Is 1076303 composite?
False
Is 73944901 composite?
True
Is 64787687 composite?
True
Is 187363699 prime?
False
Is 195172589 a composite number?
False
Is 35676347 prime?
False
Is 3034013 prime?
True
Is 42359 composite?
False
Is 37670207 a composite number?
False
Is 43694857 a prime number?
False
Is 15618433 a prime number?
False
Is 28202087 a prime number?
False
Is 9209449 a composite number?
True
Is 93142757 prime?
False
Is 5394799 a composite number?
False
Is 381167 prime?
True
Is 27354389 a composite number?
False
Is 391885297 composite?
True
Is 960268267 composite?
True
Is 464911 a composite number?
True
Is 14528351 a composite number?
False
Is 126304681 prime?
False
Is 50441077 a composite number?
False
Is 486929561 a composite number?
False
Is 32513759 a prime number?
False
Is 13527713 a composite number?
False
Is 94795483 a prime number?
True
Is 149122301 prime?
True
Is 158987435 a composite number?
True
Is 165857 prime?
True
Is 113921789 composite?
False
Is 238752785 prime?
False
Is 973487 composite?
False
Is 172067783 composite?
True
Is 23634859 prime?
True
Is 500755 prime?
False
Is 4070891 a composite number?
True
Is 109521407 a composite number?
True
Is 120349 composite?
False
Is 7643663 composite?
False
Is 32603539 prime?
True
Is 18818441 a prime number?
False
Is 6049 a composite number?
True
Is 381648733 composite?
True
Is 60809551 prime?
False
Is 85554493 composite?
False
Is 26421943 composite?
True
Is 15031 a prime number?
True
Is 753347 a composite number?
True
Is 17685709 a composite number?
True
Is 197458517 prime?
True
Is 208847051 a prime number?
False
Is 52294927 prime?
True
Is 28750495 prime?
False
Is 423961 a composite number?
False
Is 1135597 a prime number?
True
Is 2348539 composite?
False
Is 34506466 composite?
True
Is 2390891 composite?
True
Is 500146 composite?
True
Is 9177523 a composite number?
False
Is 66590107 a composite number?
False
Is 70115767 a prime number?
False
Is 2365931 composite?
True
Is 13610417 prime?
True
Is 140257 prime?
False
Is 52851917 a prime number?
False
Is 15525359 a composite number?
False
Is 12308641 composite?
True
Is 11107379 composite?
False
Is 1420429 a prime number?
True
Is 9304109 prime?
True
Is 16459405 a prime number?
False
Is 60022763 a composite number?
False
Is 47568049 a composite number?
False
Is 1186347 a prime number?
False
Is 4727449 composite?
False
Is 1388362297 prime?
False
Is 5058227 com